 -2*d**3 - 11*d**2 + 48*d + 369. Calculate p(-5).
104
Let r(n) = n**3 + 46*n**2 - 98*n - 18. Determine r(-48).
78
Let w(c) = -c**2 + 98*c - 1688. Calculate w(76).
-16
Let p(a) = a**2 - 33*a + 310. Calculate p(19).
44
Let a(z) = -6*z + 996. Determine a(65).
606
Let x(k) = 448*k - 1665. Calculate x(4).
127
Let d(i) = -2*i**2 - 293*i - 1840. Determine d(-140).
-20
Let i(q) = -2*q**3 + q**2 + 15*q + 25. Give i(-2).
15
Let s(f) = -f**3 - 15*f**2 + 133*f - 459. What is s(-22)?
3
Let n(g) = 2*g**2 - 44*g + 18. Determine n(21).
-24
Let l(q) = q**2 + 61*q - 193. Give l(3).
-1
Let b(w) = 5*w**3 + 122*w**2 + 170*w + 194. Determine b(-23).
-13
Let k(n) = 4*n**3 - 9*n**2 - 17*n + 11. Calculate k(5).
201
Let f(g) = g**3 - 2*g**2 - 12*g - 1. Calculate f(-2).
7
Let u(z) = -z**2 + 5277*z - 42159. Calculate u(8).
-7
Let z(g) = -3*g - 75. Determine z(7).
-96
Let c(s) = 2077*s - 4116. Calculate c(2).
38
Let f(w) = -217*w - 3331. What is f(-11)?
-944
Let s(b) = -2*b + 26. Calculate s(9).
8
Let a(r) = -13*r + 11. Give a(9).
-106
Let d(q) = 59*q - 85. What is d(4)?
151
Let m(u) = -4*u**2 - 84*u - 428. What is m(-12)?
4
Let u(t) = 21*t**2 + 310*t - 20. Give u(-15).
55
Let z(t) = 19*t**2 - 664*t - 15. Calculate z(35).
20
Let h(k) = -k**3 - 54*k**2 - 86*k + 26. Give h(-52).
-910
Let x(n) = n**2 - 11*n + 17. What is x(3)?
-7
Let l(k) = -9*k**2 - 9*k - 1. What is l(-1)?
-1
Let z(n) = -135*n + 527. Determine z(7).
-418
Let d(y) = -3*y**2 + 2268*y - 6797. What is d(3)?
-20
Let k(j) = 4*j**3 + 2*j**2 + 4*j - 7. Give k(3).
131
Let g(w) = -839*w + 129208. Determine g(154).
2
Let p(a) = -5*a - 494. Give p(-65).
-169
Let g(d) = -2*d**2 + 261*d + 5019. Calculate g(-17).
4
Let o(a) = -149*a + 1066. What is o(8)?
-126
Let j(o) = 2*o**3 - 147*o**2 + 75*o - 114. Calculate j(73).
32
Let p(i) = -4*i**2 - 139*i - 105. Determine p(-34).
-3
Let s(f) = 2*f**3 - 292*f**2 + 8*f - 1163. Give s(146).
5
Let a(n) = -2064*n + 4123. Determine a(2).
-5
Let k(z) = -268*z - 43954. Give k(-164).
-2
Let k(g) = -2918*g + 17517. Determine k(6).
9
Let q(b) = b**3 - 36*b**2 - 37*b - 56. Determine q(37).
-56
Let y(l) = -3*l**3 + 14*l**2 - 4*l - 1. Calculate y(4).
15
Let j(d) = -1180*d - 18892. What is j(-16)?
-12
Let g(x) = -31*x - 228. Give g(-7).
-11
Let c(b) = -3*b**2 + 28*b + 24. Determine c(11).
-31
Let t(d) = -42*d**3 + 12*d + 13. Determine t(-1).
43
Let g(a) = a**3 - 18*a**2 + 35*a + 338. What is g(14)?
44
Let z(f) = -932*f - 6548. Determine z(-7).
-24
Let x(y) = 2*y**2 - 35*y + 646. Give x(17).
629
Let g(i) = i**3 + 11*i**2 - 90*i - 914. Calculate g(-8).
-2
Let m(g) = 1094*g + 10940. Give m(-10).
0
Let y(h) = -2*h**3 - h**2 + 19*h - 32. Give y(0).
-32
Let a(w) = -42*w + 665. What is a(16)?
-7
Let w(o) = 2*o**2 + 12*o - 32. Calculate w(-8).
0
Let b(s) = -3*s**2 + 293*s - 1. What is b(0)?
-1
Let z(a) = 2*a**2 - 49*a + 54. Calculate z(23).
-15
Let r(i) = -i**3 + 10*i**2 + 417*i - 4885. Calculate r(12).
-169
Let v(h) = -6*h**2 + 115*h + 395. Give v(-3).
-4
Let f(z) = 108*z + 10037. Calculate f(-93).
-7
Let r(q) = 578*q - 4113. Determine r(7).
-67
Let p(f) = 6*f**2 - 109*f + 11. Give p(19).
106
Let i(y) = 11*y**3 - 14*y**2 - 20*y + 46. Determine i(2).
38
Let n(m) = -4464*m + 75903. Calculate n(17).
15
Let t(b) = b**3 + 60*b**2 + 52*b - 415. What is t(-59)?
-2
Let v(l) = l**2 - 35*l - 15700. Calculate v(-109).
-4
Let q(v) = -67*v + 1809. What is q(29)?
-134
Let h(g) = -57*g + 827. Give h(15).
-28
Let r(o) = -o**2 + 46*o + 933. What is r(63)?
-138
Let x(a) = -a**2 - 150*a + 452. Determine x(3).
-7
Let b(f) = 93*f + 33. What is b(0)?
33
Let j(v) = -178*v + 134. Give j(1).
-44
Let l(p) = 2*p - 467. What is l(17)?
-433
Let p(x) = -83*x - 480. Give p(-6).
18
Let f(c) = c**3 - 13*c**2 + 14*c + 35. Calculate f(9).
-163
Let g(f) = 415*f - 9920. Calculate g(24).
40
Let r(o) = 72*o + 197. Calculate r(-12).
-667
Let q(i) = i**3 - 3*i**2 - 3. Give q(0).
-3
Let n(i) = i**2 - i - 20. Give n(-15).
220
Let y(j) = -202*j - 1615. Give y(-8).
1
Let o(z) = -285*z - 4. Give o(0).
-4
Let s(c) = 15*c**2 - 2437*c + 1133. Calculate s(162).
-1
Let r(m) = m**2 - 8*m + 1. Determine r(-3).
34
Let a(k) = 1093*k - 4342. Determine a(4).
30
Let l(n) = -n**3 + 97*n**2 + 2337*n + 350. Give l(117).
-1
Let m(c) = -103*c + 285. Determine m(6).
-333
Let r(g) = 21*g - 367. What is r(8)?
-199
Let s(c) = -17*c**2 - 21*c - 30. Calculate s(-4).
-218
Let p(g) = g**2 + 53*g + 233. Determine p(-5).
-7
Let o(x) = 2*x**2 - 10*x + 15. Calculate o(5).
15
Let g(l) = l**3 - 14*l**2 + 26*l + 76. Determine g(14).
440
Let y(f) = f**3 - 151*f**2 + 295*f + 436. Give y(149).
-11
Let q(n) = 6*n + 18. Determine q(-13).
-60
Let l(d) = 15*d**2 + 35*d - 103. What is l(3)?
137
Let l(q) = 2*q**2 + 55*q + 40. Calculate l(-27).
13
Let k(z) = -208*z + 256. Give k(1).
48
Let c(m) = 1452*m + 24706. Determine c(-17).
22
Let q(l) = 4*l**3 + l**2 + 11*l + 2. What is q(-3)?
-130
Let t(p) = p**3 - 1242*p + 4913. Determine t(4).
9
Let a(t) = -t**3 + 9*t**2 - 25*t - 4. Calculate a(6).
-46
Let f(h) = -671*h + 2143. Calculate f(4).
-541
Let r(j) = 878*j + 51802. What is r(-59)?
0
Let k(j) = 293*j - 539. Give k(2).
47
Let b(p) = p**2 - 152*p + 5339. Determine b(97).
4
Let d(b) = -2*b**2 + 18*b + 33. Give d(9).
33
Let s(p) = p**2 - 14*p - 314. What is s(-13)?
37
Let t(y) = -3770*y + 71632. Calculate t(19).
2
Let p(o) = -356*o - 6043. Calculate p(-17).
9
Let j(i) = -i**2 + 73*i - 692. Calculate j(11).
-10
Let r(h) = -h**3 + 19*h**2 - 52*h - 15. Determine r(4).
17
Let x(a) = -12*a**2 - 80*a - 162. Calculate x(-2).
-50
Let i(c) = -c**3 + 5*c**2 + 154*c - 1121. Give i(8).
-81
Let b(d) = 46*d - 72. Calculate b(1).
-26
Let a(n) = 2*n**2 - 6*n - 46. What is a(0)?
-46
Let k(c) = -103*c - 11973. What is k(-116)?
-25
Let y(a) = -703*a - 16178. Determine y(-23).
-9
Let m(x) = x**2 + 8*x - 1558. Calculate m(-44).
26
Let v(x) = 7*x**3 - 4*x**2 - 36*x - 34. What is v(-1)?
-9
Let u(r) = -10*r - 622. What is u(-61)?
-12
Let j(r) = r**3 - 15*r**2 + 35*r + 3. Calculate j(0).
3
Let m(w) = -w**2 - 113*w - 1054. What is m(-103)?
-24
Let x(b) = 63*b**3 - 14*b - 14. Give x(-1).
-63
Let a(t) = 8*t**2 + 173*t - 8. Determine a(-22).
58
Let n(f) = -203*f - 12318. Determine n(-61).
65
Let q(k) = 5*k**2 - 28*k + 13. What is q(4)?
-19
Let h(o) = -o**3 - 110*o**2 + 114*o + 178. Calculate h(-111).
-155
Let a(o) = 12*o - 221. Give a(27).
103
Let l(u) = -3*u**3 + 2*u - 18. Determine l(-3).
57
Let v(g) = 103*g + 14180. Calculate v(-137).
69
Let z(u) = -6*u**2 + 14*u - 55. What is z(5)?
-135
Let j(l) = 3*l**3 - 15*l**2 - 2*l - 35. Give j(5).
-45
Let o(h) = -20*h**3 + 2*h**2 - 5*h + 5. What is o(3)?
-532
Let o(h) = -h**2 + 76*h + 991. Give o(87).
34
Let g(b) = -b**3 + 7*b**2 + 20*b - 64. What is g(8)?
32
Let s(z) = 2*z**3 - 38*z**2 - 81*z - 61. Give s(21).
2
Let h(o) = -o**3 - 7*o**2 + 334*o + 88. Determine h(-22).
0
Let b(n) = -n**3 + 3*n**2 - 19*n + 35. What is b(4)?
-57
Let q(u) = 23*u + 1263. Give q(-54).
21
Let n(y) = -y**3 - 13*y**2 - 4*y + 71. Calculate n(-10).
-189
Let a(p) = 8*p + 72. Calculate a(-10).
-8
Let d(h) = 223*h - 1116. Give d(6).
222
Let c(n) = 2*n**2 - 9*n + 17. What is c(7)?
52
Let g(p) = -p**2 - 116*p + 18569. Give g(-206).
29
Let n(d) = -2*d**2 - 10*d + 215. What is n(8)?
7
Let v(p) = -2*p**3 + 56*p**2 - 209*p - 5. What is v(4)?
-73
Let z(k) = 79*k - 2949. Give z(37).
-26
Let a(w) = w**2 + 681*w - 47675. Calculate a(64).
5
Let p(m) = 1998*m + 27953. Calculate p(-14).
-19
Let s(k) = 38*k + 307. What is s(-8)?
3
Let z(x) = -6721*x - 33610. Give z(-5).
-5
Let a(g) = -4*g**3 - 28*g**2 + 81*g + 160. Calculate a(-9).
79
Let m(c) = -16*c**2 - 238*c + 38. Give m(-15).
8
Let k(l) = l**3 - 28*l**2 - 54*l - 72. Calculate k(30).
108
Let b(c) = -4*c**2 + 34*c + 80. What is b(6)?
140
Let z(o) = -4*o**2 + 54*o + 209. What is z(-4)?
-71
Let m(i) = -i**3 + 39*i**2 - 362*i + 45. Determine m(24).
-3
Let c(i) = i**3 + 12*i**2 - 23*i - 29. What is c(-13)?
101
Let o(q) = -84*q - 117. Determine o(-1).
-33
Let i(f) = 1606*f + 44969. What is i(-28)?
1
Let k(b) = -43*b**2 + 260*b - 13. Calculate k(6).
-1
Let m(p) = 2*p**2 - 52*p + 351. What is m(13)?
13
Let b(d) = -d**3 + 3*d**2 + 40*d + 3. Calculate b(-5).
3
Let j(q) = q**2 - 46*q - 1245. Determine j(-19).
-10
Let l(x) = -18*x**2 - 483*x - 1964. Calculate l(-5).
1
Le